ce (base 15) to base 12.
-772
What is 213 (base 9) in base 4?
2232
What is -31543 (base 6) in base 4?
-1003113
What is -1555 (base 10) in base 16?
-613
Convert -87db (base 15) to base 10.
-28781
Convert -2633 (base 14) to base 12.
-3a71
What is -374 (base 9) in base 6?
-1234
What is -1198 (base 10) in base 4?
-102232
-10210 (base 4) to base 10
-292
What is -6b (base 15) in base 13?
-7a
What is 11000111 (base 2) in base 9?
241
Convert -102603 (base 9) to base 8.
-167104
Convert 466 (base 8) to base 13.
1ab
Convert -10201112120 (base 3) to base 5.
-4321133
What is 200333 (base 4) in base 2?
100000111111
Convert -4890 (base 12) to base 16.
-1fec
-143324 (base 5) to base 4
-1133021
What is 10001001111100 (base 2) in base 14?
3308
What is 23815 (base 9) in base 10?
15971
334 (base 7) to base 11
147
What is -1000101100000 (base 2) in base 3?
-20002202
-497 (base 11) to base 7
-1502
Convert 2783 (base 10) to base 2.
101011011111
Convert -6812 (base 13) to base 10.
-14549
Convert -71a (base 14) to base 13.
-835
Convert -343401 (base 5) to base 2.
-11000000111111
3d6 (base 15) to base 3
1012110
Convert -1a73 (base 15) to base 7.
-22500
Convert -1a66 (base 13) to base 6.
-30215
-49 (base 15) to base 5
-234
-219 (base 11) to base 4
-10012
-4080 (base 11) to base 2
-1010100100100
Convert 3d4 (base 14) to base 5.
11044
Convert -11385 (base 15) to base 16.
-d610
What is -a5 (base 16) in base 11?
-140
Convert 2185 (base 14) to base 11.
43a4
What is -11033030 (base 4) in base 8?
-51714
What is -89 (base 15) in base 6?
-333
Convert b5 (base 12) to base 2.
10001001
What is 20756 (base 9) in base 4?
3112230
Convert -21426 (base 7) to base 8.
-12361
Convert 11301 (base 4) to base 15.
199
1300322 (base 5) to base 3
1021102011
12212111 (base 3) to base 5
114104
-445131 (base 6) to base 5
-2144143
1639c (base 14) to base 6
1105234
-651 (base 16) to base 8
-3121
e726 (base 15) to base 11
3378a
10042 (base 5) to base 14
343
What is 83c (base 13) in base 7?
4043
Convert -864 (base 15) to base 3.
-2121011
-135 (base 11) to base 14
-b5
What is -292 (base 11) in base 4?
-11113
Convert -9403 (base 10) to base 14.
-35d9
446325 (base 7) to base 2
10011010011010000
-200130 (base 5) to base 13
-2b2b
11d7 (base 14) to base 12
1989
Convert -124402 (base 6) to base 15.
-3588
Convert -2303102 (base 4) to base 5.
-331344
What is -1051 (base 8) in base 7?
-1420
Convert 16565 (base 7) to base 14.
1a35
20006 (base 7) to base 12
2948
Convert -434142 (base 6) to base 2.
-1000110001001110
-32332 (base 4) to base 11
-7a1
-869 (base 10) to base 16
-365
-1528 (base 9) to base 16
-488
What is -14198 (base 10) in base 16?
-3776
Convert -10101111111 (base 2) to base 11.
-106a
What is 31032 (base 6) in base 3?
12122202
What is 1330434 (base 5) in base 6?
324550
Convert 3432044 (base 5) to base 14.
185c8
What is 4141 (base 5) in base 7?
1410
-60 (base 15) to base 5
-330
Convert -333 (base 8) to base 14.
-119
11122 (base 4) to base 12
24a
What is -13b (base 14) in base 12?
-189
-481a (base 11) to base 13
-2b48
caa5 (base 13) to base 15
8544
What is -24110 (base 9) in base 6?
-202400
65130 (base 8) to base 11
194aa
-557 (base 8) to base 7
-1033
1021000110 (base 3) to base 7
132204
Convert 1022 (base 8) to base 2.
1000010010
What is -3800 (base 9) in base 10?
-2835
8364 (base 9) to base 2
1011111110101
Convert -34 (base 5) to base 15.
-14
Convert 931 (base 10) to base 13.
568
What is 11101010111 (base 2) in base 10?
1879
Convert -302022 (base 4) to base 13.
-15cc
-10015 (base 6) to base 4
-110123
What is -598 (base 10) in base 7?
-1513
3298 (base 15) to base 3
112200222
-15849 (base 10) to base 9
-23660
Convert 1354 (base 6) to base 11.
2a6
-1403 (base 6) to base 14
-1bd
Convert 2205 (base 14) to base 2.
1011011111101
-122757 (base 9) to base 11
-50869
210010 (base 3) to base 7
1443
Convert -100011100001 (base 2) to base 12.
-1395
15171 (base 11) to base 14
7b95
Convert -1355 (base 9) to base 8.
-1776
Convert 201202 (base 3) to base 8.
1025
-2417 (base 8) to base 5
-20140
What is -18462 (base 11) in base 8?
-62361
Convert 2311 (base 6) to base 16.
223
Convert 2d01 (base 16) to base 14.
42ad
1a9a (base 14) to base 2
1001011101000
What is 1625 (base 14) in base 10?
3953
Convert -3029 (base 11) to base 7.
-14506
Convert -8bc5 (base 15) to base 8.
-71734
What is -21102 (base 5) in base 11?
-1065
What is -10513 (base 6) in base 14?
-781
-e32 (base 16) to base 10
-3634
What is -828 (base 12) in base 4?
-102200
Convert 34220 (base 10) to base 12.
17978
Convert -11102221 (base 3) to base 10.
-3238
310113 (base 4) to base 15
ed6
What is -2412 (base 9) in base 16?
-701
What is 135234 (base 6) in base 4?
3020212
Convert 5075 (base 8) to base 7.
10433
a3d (base 16) to base 11
1a73
What is 212122210 (base 3) in base 14?
63dd
Convert -1021 (base 5) to base 12.
-b4
What is 44e8 (base 16) in base 9?
26170
Convert 4825 (base 10) to base 6.
34201
What is -337 (base 13) in base 2?
-1000101001
Convert -8c (base 13) to base 16.
-74
Convert 2443314 (base 5) to base 4.
23121311
Convert -22ba (base 14) to base 16.
-179c
What is b9 (base 13) in base 5?
1102
What is 2510 (base 10) in base 14?
cb4
What is 861 (base 9) in base 6?
3131
Convert 25160 (base 7) to base 10.
6608
1b7 (base 16) to base 4
12313
-22 (base 8) to base 16
-12
-11111 (base 2) to base 8
-37
-10002102 (base 3) to base 10
-2252
What is c36 (base 15) in base 6?
20423
What is 1010110101110 (base 2) in base 12?
3266
-284 (base 13) to base 9
-545
-501 (base 16) to base 8
-2401
10a2 (base 12) to base 16
73a
Convert -10301301 (base 4) to base 10.
-19569
What is -7 (base 13) in base 8?
-7
What is 19ad (base 15) in base 7?
22135
What is 200 (base 8) in base 5?
1003
-10110101011101 (base 2) to base 5
-332423
-fab (base 16) to base 8
-7653
Convert -1010021 (base 3) to base 6.
-3441
-40003 (base 10) to base 16
-9c43
Convert 2310321 (base 5) to base 13.
15a79
2120110211 (base 3) to base 10
50647
Convert 7165 (base 8) to base 2.
111001110101
What is -40015 (base 10) in base 5?
-2240030
Convert 323032 (base 4) to base 9.
5171
Convert 1412 (base 5) to base 8.
350
-2302 (base 15) to base 8
-16403
Convert -110011101101 (base 2) to base 12.
-1ab9
What is -2003 (base 7) in base 11?
-577
Convert 1545 (base 8) to base 3.
1012012
Convert -186c (base 16) to base 6.
-44540
Convert e227 (base 15) to base 5.
3011422
What is -329 (base 14) in base 8?
-1161
What is 101100101011 (base 2) in base 7?
11223
What is -770a (base 14) in base 2?
-101000001101110
What is 178c (base 13) in base 11?
2699
-101000202 (base 3) to base 2
-1110010001110
What is 74d3 (base 14) in base 7?
112553
What is 24346 (base 8) in base 3?
112100210
5420 (base 9) to base 16
f93
What is -27268 (base 11) in base 10?
-38915
-131112 (base 5) to base 13
-2469
-323 (base 6) to base 13
-96
What is -22202221 (base 3) in base 7?
-24436
What is 100025 (base 7) in base 11?
11707
What is 24045 (base 11) in base 5?
2102110
23024 (base 9) to base 11
10578
-25 (base 11) to base 8
-33
5a5 (base 16) to base 9
1875
What is 213232 (base 5) in base 3?
101001000
Convert 4615 (base 7) to base 13.
9c1
19642 (base 10) to base 14
7230
Convert -210201 (base 3) to base 10.
-586
What is -38e (base 15) in base 4?
-30221
Convert -2318 (base 11) to base 2.
-101111100100
-1101111100110 (base 2) to base 6
-53022
Convert 14315 (base 8) to base 5.
200344
What is -4932 (base 12) in base 11?
-6217
-100100000011 (base 2) to base 15
-a3c
1a5a (base 11) to base 15
b8b
What is 412 (base 11) in base 12?
355
What is 120421 (base 5) in base 2?
1000110000110
-298 (base 11) to base 14
-1ad
What is -106461 (base 7) in base 12?
-b080
Convert 1250 (base 10) to base 4.
103202
Convert -138b (base 14) to base 9.
-4658
What is -4323 (base 7) in base 11?
-1177
Convert c7a (base 13) to base 4.
201101
Convert 1405 (base 6) to base 13.
221
2026 (base 16) to base 6
102034
What is -770 (base 10) in base 14?
-3d0
Convert -80d (base 16) to base 2.
-100000001101
-899a (base 13) to base 11
-13497
554 (base 6) to base 14
114
Convert -1111000111000 (base 2) to base 13.
-36a1
Convert -44 (base 7) to base 2.
-100000
What is 5a8 (base 11) in base 13?
438
-36 (base 8) to base 11
-28
What is 1b570 (base 12) in base 14?
10ac4
1135 (base 6) to base 13
182
Convert -221420 (base 5)